) = 4484*d + 45. Let a(c) = -2*i(c) + 45*w(c). Is a(2) a prime number?
False
Suppose 193*v - 189*v - 1408 = 0. Let d = v + -186. Is d prime?
False
Let u = -220559 - -442473. Is u/88 - (-1)/(-8)*6 a prime number?
True
Let s(v) = 37*v**2 + 11*v - 28. Let t(r) = -24*r**2 - 8*r + 19. Let m(q) = 5*s(q) + 7*t(q). Suppose 0 = 5*a - a + 48. Is m(a) composite?
True
Let o(w) = 5257*w**2 + 39*w + 85. Is o(-9) a composite number?
True
Let z(k) = -4*k + 34. Let d be z(8). Suppose -c + 553 = -5*j + 177, -1526 = -4*c - d*j. Is c a composite number?
True
Let i = -539 + 674. Is ((i/(-12))/(-5))/(114/60952) a prime number?
False
Suppose 4*v - 11*p - 250904 = -15*p, -10*v + 627285 = 5*p. Is v composite?
False
Suppose 3*p + 48 = -4*h, 0 = -4*p - h + 2*h - 45. Let u be (-8)/p*-87 - -2. Is 10/(-30)*(u + -1) a prime number?
True
Let r(u) = -3*u**3 - 38*u**2 + 27*u - 12. Let g(t) = t**3 + 13*t**2 - 9*t + 4. Suppose -c - 7 = -11. Let m(o) = c*r(o) + 11*g(o). Is m(-11) prime?
True
Suppose -1073470 = -4*i + 24*y - 27*y, -2*i - 2*y + 536734 = 0. Is i composite?
True
Let n = 495046 + -194829. Is n prime?
False
Is -4*(45/(-25) - -2)*892230/(-24) composite?
False
Let k(q) = 6*q**3 - 21*q**2 + 197*q - 13. Is k(21) a composite number?
True
Let h be 0/(-2)*-6*10/120. Suppose -q - 4*k + 10115 = h, -k = 4*q - 5*k - 40560. Is q a composite number?
True
Let o = 26664 + 11027. Is o prime?
True
Let m be 24/(-14) + 2 - 19900/(-28). Suppose 3*o = 2*k + 2153, -2*k = 3*o - 4*o + m. Is o prime?
False
Is 2043822/10 + 671/(-3355) prime?
False
Suppose -2*j - 65 = -r, 4*r - r - 125 = 4*j. Let z = -35 - j. Suppose z = -d - 585 + 1699. Is d a composite number?
True
Let l(c) = 2*c**3 + 4*c**2 - 12*c + 5. Let p be l(2). Suppose -p*a + 15*a = 7642. Is a a composite number?
False
Let n = -4546 + 2440. Let l = -931 - n. Is (0 - -2)*l/10 a composite number?
True
Let x(r) = -r - 3. Let w be x(-6). Let u = 5726 + -3848. Suppose m = -w*y + 5648, -2*m - 3*m + u = y. Is y composite?
True
Is 4 + -30*(-5788 + (1 - 0)) + 3 a prime number?
True
Let r(c) = 3*c**2 - 27*c + 168851. Is r(0) composite?
False
Let o(c) = 291*c - 109. Let q be o(13). Suppose 5*l = 2*b + l - q, -4*b + 7369 = -l. Is b prime?
False
Let h(p) = -p**3 + 6*p**2 - 4*p + 26. Let o be h(8). Let x = o + 227. Let y = 144 - x. Is y a prime number?
False
Let z = -256077 + 379850. Is z prime?
False
Suppose -15 = -5*q - c, -4*q = -0*q - c - 3. Suppose 5 = q*v - 11. Suppose -22493 = -v*u + 1499. Is u prime?
True
Suppose -249*a + 247*a + p + 946284 = 0, -3*a - 4*p = -1419470. Is a composite?
True
Suppose -p + 636687 = -2*i, -225*i + 5730283 = 9*p - 223*i. Is p composite?
False
Suppose -442 = 5*i - 357. Let n(p) = -2*p**3 - 21*p**2 + 14*p + 2. Is n(i) prime?
False
Suppose 2*y = -i + 6, -16 = -4*y - 0*y - 4*i. Suppose 0 = 2*t + y*v - 5936, 2*t - 2962 = t + 2*v. Is t composite?
True
Let q(s) = 14*s**3 - 8*s**2 - 26*s + 9. Let c(u) = -7*u - 21. Let h be c(-5). Is q(h) a prime number?
True
Suppose -3*b = 2*k - 10, -53*b + 48*b = 3*k - 17. Is 1714*(3/2 + -1) - b a prime number?
True
Suppose -33*r - 13455383 = 32*r - 102*r. Is r composite?
False
Let z = 16898 - 8606. Suppose -3*y + z = 3*u - 0*u, 5519 = 2*y - u. Is y a prime number?
False
Let c = 49 + -45. Suppose 0 = -r + 5*b - 1532, 1526 = -r + c*b - 2*b. Let h = -707 - r. Is h a composite number?
True
Let p = -207 + 218. Suppose -6*h = -p*h + 11855. Is h a composite number?
False
Suppose -9*m + 4 = -23. Suppose 2*o + 4*z - 40 = -m*o, -2*o - z = -13. Is 507/o + 16/64 a prime number?
True
Let u be -16*(-5)/10*1. Suppose 3*s = u*s - 385. Is s prime?
False
Let a be 56/(-36)*15*(-677 - 1). Suppose 12*r - 2*r = a. Is (r/8)/((-4)/(-16)) a prime number?
False
Suppose -344*m + 382*m = 4372166. Is m a prime number?
True
Is (-4)/(-6)*(11 + (-1385734)/(-28)) a prime number?
False
Let n(d) = -482*d**3 - 6*d**2 - 15*d - 40. Is n(-7) a composite number?
True
Let g(n) = -49*n**3 - n**2 - 3*n + 5. Let d be g(3). Let w = d + 4827. Is w composite?
False
Let i be 1 + -2 - (-74 + -9). Suppose m = 70 - i. Let o(l) = 10*l**2 - 16*l + 5. Is o(m) composite?
False
Suppose 3*j - 4761 = -5*g, -10*g = -13*g - 2*j + 2856. Let z be ((-6476)/(-6) + 1)*6. Suppose -8*a = g - z. Is a a prime number?
True
Suppose -4*c = 3*i + 12149, 0 = -c - 5*i - 178 - 2855. Let n = c - -4309. Is n a prime number?
False
Suppose 3*z - 5 = -23. Let y be (z/(-4) + (-1)/6)*3. Suppose -r = 4*r + y*v - 17039, 5*r - 17033 = 2*v. Is r prime?
True
Suppose -469*q - 11276836 = -528*q + 3086301. Is q prime?
False
Let u(b) = -2*b**3 - 41*b**2 - 21*b + 37. Suppose 0 = -26*h - 310 - 236. Is u(h) a prime number?
True
Let d = 29 - 27. Suppose -2*i - 7 = z, -2*i + d - 4 = -4*z. Is (662/(-3))/(i/(-9)*-2) prime?
True
Let w = -556823 - -866490. Is w a prime number?
True
Let z(j) = 2*j**2 - 8*j - 17. Let x be z(-2). Suppose 0 = -3*y - 2*k + 3643, 0 = -5*y + x*k - 12*k + 6080. Is y a composite number?
True
Let o(x) = 46*x**2 - 8*x - 32. Let y be o(8). Let n = y + -254. Is n a composite number?
True
Let g be 40 - 2 - 1/(-6)*-30. Suppose 54*r = g*r + 121107. Is r composite?
True
Let h = 85 + -118. Let t = h + 12. Is -3*4088/t - (-6)/2 a composite number?
False
Is 60*(-6)/(-72)*(-121297)/(-5) a prime number?
False
Suppose 0 = -a - 3*u + 5 - 2, 5*u - 10 = 0. Let g be (-6)/1*10/5. Is ((-2094)/8)/(-3) - a/g a prime number?
False
Suppose 7*x + 423852 = -6*x. Is x/(-18) - (3 + -1)/6 a prime number?
True
Suppose 2*q + 4*u - u - 45541 = 0, 0 = -2*q + u + 45537. Is q a prime number?
True
Is 274745 - 16/(-48)*42 prime?
False
Let d(f) = f**2 - 19*f - 24. Let i be d(19). Let c = i - -29. Suppose 3366 = 4*x - 0*x - 2*h, -4215 = -5*x - c*h. Is x prime?
False
Suppose -22*a = 18*a - 111120. Let m = -1811 + a. Is m composite?
False
Let d(g) = -g - 12. Let j be d(-22). Is (-7041)/(j/(140/(-21))) a prime number?
False
Suppose 0 = -m + 2*f + 505459, 63*f = -3*m + 62*f + 1516335. Is m prime?
True
Let y(v) = 51779*v**2 - 49*v - 5. Is y(2) composite?
False
Suppose -4*r + 3*r = -9. Suppose -r = j - 12. Is 7/((-3)/(-873)*j) a prime number?
False
Let w(y) = y - 14. Suppose -3*i = -11 - 4. Let f be w(i). Let c = 112 - f. Is c a prime number?
False
Let x(k) = 2*k - 34. Let c be x(17). Let n be 9 - c/3 - (-3 - -5). Suppose 5*r = 3*f + 1630, -5*r - n*f + 1590 = -2*f. Is r composite?
True
Suppose -3*s + 3*q + 1772541 = 0, 17*q = 19*q - 16. Is s a prime number?
False
Let f(i) = 4*i**2 + 4*i + 27. Let g be f(7). Let v = g - -700. Suppose 0 = 8*t - 5*t - v. Is t a composite number?
False
Let b = 105 - 180. Let p be 41/5 - (-15)/b. Suppose -p*m = -921 - 2367. Is m prime?
False
Let s be (19 - 21) + 55 + -1. Suppose -5*f = 2*m - s, -2*f + 2*m + 0*m = -18. Suppose -f*r = -3*r - 6853. Is r a prime number?
False
Let m(y) = -39324*y**3 + 10*y**2 + 31*y + 65. Is m(-2) composite?
True
Let t = -223 + 225. Suppose a = 4*l + 7949, 2*a + 6*l = t*l + 15874. Is a a composite number?
True
Suppose -6*k + 8975212 = -4268926 + 3779372. Is k prime?
False
Suppose -15*g - 2*p + 288243 = -10*g, -2*g = -3*p - 115301. Is g a composite number?
False
Is 54922 - (7 + -14) - 12 composite?
False
Is ((-11298593)/371)/(2/(-14)) a composite number?
False
Suppose -8*x + 31*x = 43608. Suppose -19*l + 8983 = x. Is l composite?
False
Let b(j) = -2*j**3 + 4*j**2 + 4*j + 35. Is b(-7) prime?
False
Let h be (-3)/(-4)*(-1056)/(-99). Let j(n) = 17*n**3 + 6*n**2 - 27*n - 11. Is j(h) prime?
True
Suppose -250*z - 2104508 = -254*z. Is z a prime number?
False
Suppose -545*y + 640*y = 66988015. Is y prime?
True
Suppose 1 = 2*n - 1. Let y = 1009 + -1007. Is n/(y - (-420)/(-212)) prime?
True
Suppose 4*z - 3 = 3*z. Let c = 13163 + -8807. Suppose -4*j + c = 4*s - 324, j + 3526 = z*s. Is s composite?
True
Let g = -383 + 390. Suppose -g*i + 53522 = -59759. Is i a composite number?
False
Let a(b) = 3*b**3 + 5*b**2 + 4*b + 6. Let k be a(-3). Let s be ((-24)/k)/(4/(-14)). Is (s/(-3))/((-16)/(-14712)) a prime number?
True
Suppose 15 = -5*m, -5*m - 149465 = -2*v + 135144. Is v composite?
False
Let l(m) = 28*m**3 + 2*m**2 + 4*m + 2. Let a be l(-1). Let b = -23 - a. Suppose b*v - 2*k + 0*k = 8121, -3252 = -2*v + 2*k. Is v a composite number?
True
Suppose -56*z = 52*z - 47*z - 8298623. Is z prime?
True
Suppose -2295978 - 1987911 = -85*v + 6143146. Is v a composite numbe